- 10. Let o be i(-2). Suppose 7*s + d = o*s. Is s a prime number?
False
Let a(j) = -49*j**3 - j - 2. Let d be a(-1). Let f = d + -46. Suppose -f*h + 1682 = 5*l, 4*l - 4 = 12. Is h a prime number?
False
Let c(t) = -4460*t + 12. Let p be c(3). Let b be ((-2)/6)/(1*4/p). Is (1/8)/(15/60)*b composite?
False
Is (-2 + 1)/(6/1671258*-1) a prime number?
True
Suppose 4*f - 14*f - 3844290 = -40*f. Is f a prime number?
False
Is ((-1 - -72419)/1)/(5/(-5) + 3) composite?
False
Is (-8)/20*18713070/(-36) a composite number?
False
Let m(y) = -y + 15. Let k be m(11). Let v be 909 + -1 - (-3 + k). Suppose -w + 3476 = v. Is w composite?
True
Let a(i) = 19*i**2 - 519*i + 73. Is a(49) prime?
True
Suppose 64*l - 1863522 = -62*l + 108*l. Is l a prime number?
True
Let c(t) be the third derivative of 0*t + 7/6*t**3 + 1/20*t**5 - 2/3*t**4 + 0 - t**2 + 7/120*t**6. Is c(6) prime?
True
Let a = -48676 + 88545. Is a composite?
False
Suppose -k = 16 - 10, 25335 = 3*p + 4*k. Is p a composite number?
True
Let d be 6/8*(-14)/147*-28. Suppose 4*q - 6 = d*q, 2*w - 5*q - 4339 = 0. Is w prime?
False
Suppose j + s = 17, -3*j = -8*j - s + 65. Suppose j*l + 12069 = 58233. Is l prime?
True
Let b be ((-8)/(-12) - 2)*-30. Suppose b = 10*n - 0*n. Suppose 0 = -m + 3*a + 430, -119 = 2*m - n*a - 985. Is m composite?
False
Let g(x) = -17*x**3 + 8*x**2 + 2*x - 1. Suppose 0 = -29*z + 26*z + 9. Suppose 0 = -5*v - 7 - z. Is g(v) composite?
False
Is (11/(-1) + 138)*373 a composite number?
True
Let b = -84 + 143. Let q(h) = h**3 + 10*h**2 + 49*h + 126. Let a be q(-7). Let z = b - a. Is z a composite number?
True
Suppose 0 = 5*u + 29*u - 136. Is ((-87143)/14)/((-2)/u) a composite number?
True
Let w(i) = -10*i**3 + 19 + 3*i**2 + 2*i + 0*i - 4*i**3 + 2*i**2 - i**2. Is w(-4) a composite number?
False
Let l be 1 + 5 - (9 - 40546). Let m = l + -18074. Is m a prime number?
True
Let n be (12/9)/2*(12 + -3). Suppose -10*o + n*o = -3032. Suppose 3*w + o = 5*w. Is w prime?
True
Let l(m) be the first derivative of m**4/4 + m**3 - 7*m**2/2 + 11*m - 6. Let f(x) = 3*x**2 - 6*x + 6. Let u be f(2). Is l(u) composite?
False
Suppose 43*k - 27*k + 19488 = 0. Let d = 5065 + k. Is d prime?
True
Let d(l) = -1098*l**2 - 2*l + 3. Let a be d(-3). Let n = -5260 - a. Is n a composite number?
True
Suppose 0*j - j - 4*c - 202 = 0, 5*c = 2*j + 443. Let i = 299 + j. Is i a composite number?
True
Let a(s) = 2*s**3 - 27*s**2 - s - 9. Let g = 438 - 419. Is a(g) a composite number?
False
Let q = -60 + 34. Let v be 4/q + 0 - (-594)/143. Suppose 5*r + v*b - 2095 = 0, -2*b = -3*r + 3*b + 1220. Is r prime?
False
Suppose -10954 - 3038 = 11*k. Let l = k - -1932. Let c = l + -459. Is c prime?
False
Let h = 350 + -3. Suppose 2*y + j = h, 2*j - 518 = -5*y + 348. Let f = 269 - y. Is f prime?
True
Let n(r) = -r**2 - 21*r - 5 - r**3 + 10 + 24*r. Let z be n(-2). Suppose -264 = -z*q + 1449. Is q prime?
True
Let n(p) = -2*p. Let u be n(-2). Suppose -u*g - 2*b = -54132, 3*g + 20785 = 4*b + 61406. Suppose g = -10*w + 15*w. Is w composite?
False
Let j = 132 + -129. Suppose 2*u + 6471 = 3*h, 8*u - j*u = -3*h + 6492. Is h a prime number?
False
Suppose 76*m - 669746 = 1607363 - 122813. Is m composite?
True
Suppose -3*l + 2169 = c + 2*l, -c = 2*l - 2169. Suppose c = u + v + 203, 3*u - 5900 = -5*v. Suppose -14*r = -17*r + u. Is r a prime number?
False
Let t be -24 + (-19)/(19/(-6)). Is (19033/21)/((-6)/t) composite?
False
Let t(d) = -23 - 8*d**3 - 20*d - 16*d**2 + 5*d**3 + 7*d**2. Is t(-8) composite?
False
Let z be ((-12)/21)/(1/(-14)). Let s = 4 - z. Is (s + -553)*(0 + -1) prime?
True
Let i be 105/30*4/7. Suppose 3*n - 2*q = 34787, -i*q = 3*n - 18919 - 15876. Is n a composite number?
False
Suppose -p + 3*k + 3279 = -3*p, k + 8165 = -5*p. Let x = p - -4153. Is x composite?
False
Let b = -46 + 49. Suppose -3*d = -4*t + 9 - 1, 3*d + b*t = 6. Suppose 4*x - i - 46 - 81 = d, i = 5*x - 160. Is x a composite number?
True
Let q(j) = 12*j + 7. Suppose 0 = 5*i - 9*i + 36. Let x be q(i). Let l = x - 22. Is l a prime number?
False
Let n = -21128 - -40657. Is n a composite number?
True
Suppose -8*y + 8 = -12*y. Is ((-12)/36*23)/(y/1266) a prime number?
False
Let v(k) = -2*k + 7 + 2*k - 4*k + 6*k. Let o be v(-2). Suppose o*q + 318 = 2*z - z, -5*z - 2*q + 1505 = 0. Is z prime?
False
Suppose -2*i = m + 3*m + 4032, -5*m - 5 = 0. Let k = i - -9081. Is k composite?
True
Let v be 81/(-54)*2*(-2)/6. Let h = 5 - v. Is -2 + 5 + -564*h/(-6) prime?
True
Let j = 81015 - 52234. Is j a prime number?
False
Suppose -100193 = 17*t + 131908. Let o be (-4)/22 + (t/(-11) - -7). Suppose -o = -k - 149. Is k a composite number?
True
Let b be (-84)/16 - -5 - 191127/4. Let t = -20385 - b. Is t a composite number?
False
Suppose -28*p = -1971275 - 840437 - 478540. Is p prime?
False
Let y(c) = 9*c - 37. Let t be y(4). Is ((-2)/t)/(18/8469) prime?
True
Suppose 3*g + 15 - 48 = 0. Let j = g + -9. Suppose -2*c + 4 = 0, -3*c - 4396 = -j*d + 2*c. Is d composite?
False
Suppose 3*n = 3*h + 30, -n = 5*h - 0*h + 80. Let i be h/(-9) - (-2)/6. Is (-3587)/(-17)*2/i prime?
True
Suppose -166*o - 657402447 = -725*o. Is o composite?
True
Let h(l) = 72*l**3 - 5*l**2 + 39*l - 191. Suppose w - 1 = 2*g, 4*g = -4*w - 79 + 107. Is h(w) composite?
True
Let t(d) be the second derivative of d**4/3 + d**3/3 + d**2/2 - 4*d - 5. Let a be (1 - (-2 + -1)) + -10. Is t(a) prime?
False
Let j = -256802 - -407481. Is j a prime number?
False
Is (-4)/26 + ((-18)/171 - (-17520021)/247) a composite number?
True
Is (-1 + 4)/(27*10/6378660) composite?
True
Let b(x) = x**3 + 19*x**2 - 16*x + 17. Suppose -4*d - 3*d - 84 = 0. Let j be b(d). Let i = -636 + j. Is i composite?
True
Suppose -123299 = 21*l - 1751324. Is (-2)/(3 - l/25837) a prime number?
True
Suppose 0 = 40*z - 49*z + 1337967. Is z composite?
False
Let x(i) = -22638*i**3 + 5*i**2 + 29*i + 77. Is x(-3) composite?
True
Suppose 4*j - 1894 = -2*z, j + 3*z - 456 = 6*z. Let d = j - 220. Is d a prime number?
True
Is ((-13)/4)/(((-2)/(-65818))/((-112)/28)) a prime number?
False
Let m(s) be the first derivative of 119*s**3/3 + 3*s**2/2 - s - 344. Let n be -3 + (2 - 1)*0. Is m(n) prime?
True
Let s = 1823036 + -664173. Is s prime?
True
Let j(x) = 17*x**2 - x - 2. Let u be j(-1). Let n be (40/u)/((-1)/478). Let l = n + 2162. Is l a composite number?
False
Let m = 338 + -332. Suppose -5*a + 6009 = -4*t, 0 = m*t - 9*t - 3. Is a composite?
False
Let o(m) = 339*m**2 + 65*m - 857. Is o(14) composite?
True
Suppose 10*b = 1763318 - 490248. Is b/244 + (-6)/8 a composite number?
False
Let y be 1 - 0 - (6 - 5). Suppose y*o - 80718 = -6*o. Is o a prime number?
False
Suppose -2*v + 295 = 3*v. Let g(u) = -v*u - 171*u + 22*u + 3. Is g(-1) composite?
False
Suppose 0 = -2*n + 415 + 1571. Let u(q) = 71*q - 1953. Let g be u(39). Suppose -9*f + g = -n. Is f a composite number?
True
Suppose -3*c = -3*y + 92511, 4*c + 30831 = 7*y - 6*y. Is y a prime number?
True
Is -1 - (99/(-8))/9 - 5092158/(-48) composite?
False
Suppose -119372285 = -257*d - 12216906. Is d a prime number?
True
Let y be (18 + 0)/(1 + 12/(-16)). Let z be y/(-20) + 2 - 6/(-10). Is (1*2)/(z/635*-10) composite?
False
Let j = 157883 - 60624. Is j a prime number?
True
Suppose -x - x = -34. Let z(p) = -1413*p + 7 - 40 + 1419*p. Is z(x) a prime number?
False
Let p be (1376/(-6))/(5*5/75). Let a = 133 - p. Suppose -58 - a = -3*q. Is q prime?
True
Let f(l) = 194*l**3 + 6*l**2 + 3*l - 22. Is f(3) composite?
False
Let b = 16927 + 167956. Is b a prime number?
False
Let x be (8 - 10)/((-3)/(339/2)). Let w = -30 + x. Is w a composite number?
False
Let b = -666 + 331. Suppose -y + 0*y = -164. Let s = y - b. Is s a prime number?
True
Suppose 10*y - 525 = 3*y. Suppose -3021 = -y*a + 72*a. Is a a prime number?
False
Let v = 16393 + 7728. Is v a prime number?
True
Let c(a) be the third derivative of -1/6*a**3 + 0*a - 3/4*a**4 + 0 + 7*a**2. Is c(-4) a prime number?
True
Is (-988)/(-741) + (-129956)/(-12) a prime number?
True
Let a(y) = y**2 - 17*y - 57. Let t be a(20). Is 1236 + (-18)/t - 4 a composite number?
True
Suppose 0 = -5*t - 2*a + 239505, 46*a = 2*t + 50*a - 95786. Is t prime?
True
Suppose 0 = -s + 4*y + 17, -3*s + 4 + 3 = -y. Is (5191/2*(-4)/(-2))/s a prime number?
False
Let x(n) = 430*n**2 + 127*n + 59. Is x(44) a prime number?
False
Suppose -m + 97